w**3 + 0 + 5/12*w**4 - 1/2*w**2 + 2*w. Calculate m(-1).
5
Let y(x) = x. Let m = -11 - -18. Let n be 2 - 0 - (-2 + m). Calculate y(n).
-3
Let o(p) be the third derivative of p**5/30 - p**4/8 - p**3/6 + 2*p**2 - 1. What is o(-2)?
13
Suppose r - 5*r = 3*t, 2*t - 4 = -4*r. Let d(u) be the third derivative of u**4/12 - u**3/3 - 2*u**2 - 39. Give d(r).
4
Suppose -3*h - 1 + 7 = 0. Let t(l) = -2*l**2 - l**2 + 4*l**h - l**3. Let s be 2 + 2*-2 - -2. Calculate t(s).
0
Let o(n) = -2*n + 4. Suppose 15 + 5 = 4*v. Determine o(v).
-6
Let n(l) = -2*l + 2. Suppose 4*w = -4*j + 3*j - 22, 4*w = 4*j - 32. Let y be 20/w - (-1)/3. Give n(y).
8
Let f(v) = -2*v**3 + 19*v**2 + 7*v - 11. Let u(k) = -k**3 + 9*k**2 + 3*k - 5. Let q(h) = 4*f(h) - 9*u(h). Let i be 2/5 + 69/15. Calculate q(i).
6
Suppose -3*u - 15 = -4*y, -4*u + 0 = 3*y - 5. Let z(o) = -2*o. Let n(j) = -j. Let l = 1 - 0. Let q(d) = l*z(d) - n(d). Determine q(u).
1
Let r(j) be the second derivative of 2*j**3/3 - j**2 - 9*j. Determine r(-2).
-10
Let v(j) = 4*j**2 + j - 2. Let o(r) = r**3 + 5*r**2 - 7*r - 5. Let a be o(-6). Let k(w) = w**2 - 1. Let s(m) = a*v(m) - 3*k(m). Give s(-1).
1
Let d(k) be the third derivative of -k**6/120 - k**5/10 - k**4/4 - k**3 - 2*k**2. Suppose 4 = -t - 1. Determine d(t).
-1
Suppose -3*s + 3*q = -24, 3 = -4*s - q + 15. Suppose s*i - 8 = -0*i. Let m(o) = o**3 - 4*o**i - o - o**2 + 4*o**2. Calculate m(2).
2
Let s(c) = 2*c**2 - 5*c - 8. Let d be s(4). Let q(z) be the third derivative of -1/30*z**5 - 1/120*z**6 + 1/8*z**d + 0*z + 0 - 1/6*z**3 - 3*z**2. Give q(-3).
-1
Let s = -4 - -7. Let u(z) = 2*z**3 + 5*z**2 + z + 6. Let b(a) = a**3 + 2*a**2 + 3. Let h(w) = -9*b(w) + 4*u(w). Give h(s).
0
Let i = -5 + 3. Let v(g) = -3*g**2 - 6*g - 7. Let w(b) = -4*b**2 - 9*b - 11. Let l(z) = -8*v(z) + 5*w(z). What is l(i)?
11
Let c(y) = y**2 + 6*y + 6. Let z = -22 - -49. Let p be 3 - (-4)/((-12)/z). Calculate c(p).
6
Let b = 4 - 1. Let i(p) = -2*p**2 + 2*p - 2. Let f(y) = -y**2 + y - 1. Let q(c) = -f(c) + i(c). Determine q(b).
-7
Let o(c) = -4*c + 2 - 3*c**2 - 6*c - 2*c**2. Let z(h) = -4*h**2 - 9*h + 2. Let f(l) = 5*o(l) - 6*z(l). What is f(2)?
2
Suppose -m + 68 = 3*m. Suppose -3*q = -2*l + m, 2*q + 2*q + 17 = -3*l. Let a(p) = -l - p + 2*p + 3. Determine a(-5).
-3
Let i(h) = -5*h. Let u be i(2). Let c be 44/u + (-4)/(-10). Let t(l) = -3*l**2 - 4 - l + 0*l**2 + 2*l - l**3 + 0*l**2. Determine t(c).
8
Suppose -5*t + 6 = -9. Let b be (1 - (t - 2))*-1. Let z(m) = -752*m + 2249*m - 747*m + 2 - 751*m. Give z(b).
2
Let v(d) = -1 - 6*d - 4*d + 13*d. Determine v(-3).
-10
Let c(l) = 14*l**3 - 11*l**2 - 17. Let k(r) = -5*r**3 + 4*r**2 + 6. Suppose -8 = 3*x + 25. Let h(y) = x*k(y) - 4*c(y). Determine h(2).
-6
Let z(k) be the third derivative of -2*k**2 - k**3 + 1/60*k**5 + 0 + 0*k + 1/8*k**4. Give z(-5).
4
Let c = -2 + 3. Let g be 2/8 - (-14)/8. Let a(t) = -2*t + t**2 + t + 4*t**g. Determine a(c).
4
Let m(x) = x**2 - 6*x + 1. Suppose h + 5*k - 10 = 0, -h - 2*k + 4 + 3 = 0. Give m(h).
-4
Let n(x) be the second derivative of 4*x + 0 + 0*x**3 - 1/12*x**4 + 0*x**2. Let m be (1 + -1)*(-3 - -2). Calculate n(m).
0
Let u(r) = 1. Let v = -7 - -9. Let y(k) = -k + 3. Let q(c) = v*u(c) - y(c). Determine q(1).
0
Let d(a) = -a**2 + 6*a - a**2 - a**2 - a**3 - a**2. Determine d(-5).
-5
Suppose -2*j + 2 = -3*r, 2*j + 3*r = 4 - 2. Let k(a) = a**2 + 3*a - 4 - 5*a - a - j. What is k(5)?
5
Let m(s) = s**3 + 3*s**2 - 10*s**2 + 0*s**3 + 3*s + 8. Determine m(6).
-10
Let p(u) = -7*u - 11. Let x(n) be the second derivative of -2*n**3/3 - 3*n**2 + 3*n. Let t(d) = 3*p(d) - 5*x(d). Determine t(3).
-6
Let o(h) be the third derivative of -2*h**3 - 1/60*h**5 - 2*h**2 + 0*h + 0*h**4 + 0. Calculate o(0).
-12
Let v(x) be the first derivative of -4*x**2 + x - 2. Let h be (-6)/(-8) - (-20)/80. What is v(h)?
-7
Let n(g) be the second derivative of -g**3/2 + g**2/2 - 2*g. Let w(y) = -y**2 + 4*y + 6. Let f be w(5). Let r(b) = b. Let a be r(f). Give n(a).
-2
Suppose 2*l - 2*r = 3*l, -4*r - 8 = 0. Let g(s) = 2 - 5 + 3*s + 8 - s**2. Calculate g(l).
1
Let f(z) be the first derivative of -z**3/3 + 2*z**2 + z + 2. Let u be ((-2)/6)/((-4)/48). What is f(u)?
1
Let f(y) = 5*y - 2. Let j(o) = -5*o + 2. Let q(l) = -4*f(l) - 5*j(l). What is q(2)?
8
Let s(a) be the first derivative of a**3/3 - 2*a**2 - 15*a - 41. Give s(7).
6
Let j(r) = -3*r + 15 - 31 + 19. Give j(-4).
15
Let k(x) = -x**2 - 6*x - 4. Let q(f) = f**2 + 12*f + 15. Let b be -6 + 7 + 2 + -13. Let s be q(b). Determine k(s).
1
Suppose -5*h + 8 + 2 = 0. Let w(t) = t**3 - h + 2*t**2 + 0*t**2 + 4 + 4*t. What is w(-2)?
-6
Let t be (0 + (-3)/(-6))*12. Suppose 3*d = t*d + 15. Let f(y) = 2*y + 1. Determine f(d).
-9
Suppose t + 4 = -i + 20, 2*t + 5*i - 44 = 0. Let l = -1 + 0. Let w be l/((-3)/t) + -3. Let p(a) = -3*a**2 - a. Determine p(w).
-4
Let u(k) = -9*k**3 - 13*k**2 - 9. Let t(i) = -5*i**3 - 7*i**2 - 5. Let v(q) = 11*t(q) - 6*u(q). Give v(-1).
1
Let l(d) be the second derivative of d**5/20 + d**4/4 - d**3 - 5*d**2/2 + 4*d. Calculate l(-4).
3
Suppose -10*l = -6*l + 4. Let p(g) = -15*g**3 + 2*g**2 - 1. Calculate p(l).
16
Let x(a) = a**2 + 3*a. Let u(l) = -3*l**2 - 9*l + 1. Let i(z) = -2*u(z) - 7*x(z). Give i(-2).
0
Let t = 2 + 1. Suppose 1 = t*v + 4. Let c(k) = -4 + 3 + 1 + 7*k. Determine c(v).
-7
Let v(g) be the second derivative of -g**5/4 + g**4/6 + g**3/3 + g**2/2 + 8*g. What is v(-1)?
6
Let n be 0 - (2/4)/(7/(-168)). Let v(i) = -i**3 + 13*i**2 - 13*i + 15. Give v(n).
3
Let v(b) = 3*b**2 + 5*b + 2. Let z(f) = f**2 + 1. Let s(j) = v(j) - 2*z(j). Give s(-4).
-4
Let c(y) be the first derivative of -2*y**3 - y**2 + y - 18. Let r(i) = i**3 + 4*i**2 - 6*i - 4. Let g be r(-5). Determine c(g).
-7
Let w(k) = -k**3 + 5*k**2 + 5*k + 1. Let t be (-3 - 6)*8/(-12). Give w(t).
-5
Let w(j) = -2 - 457*j**2 + 466*j**2 + j**3 + 13 + 2*j. Calculate w(-9).
-7
Let r(p) = 2*p**3 + 3*p**2 - 10*p + 6. Let q(b) = b**3 + 2*b**2 - 5*b + 3. Let j(g) = 9*q(g) - 4*r(g). Calculate j(-7).
-11
Let p = 1 + 10. Let k(o) = -p*o + 4 - 4 + 12*o. Let j = -3 + 1. Give k(j).
-2
Let x(m) be the second derivative of 0 - 1/6*m**3 + 0*m**2 - m. Suppose 4*n - 17 = -25. Determine x(n).
2
Let p(z) = 201*z**3 - z - 202*z**3 - 3*z**2 + 8*z**2 + 1. Let h = 7 + -3. What is p(h)?
13
Suppose 3 = -6*x + 3*x. Let s(d) = -4*d**3 - 4*d**2 + 2*d**3 + 9*d**3 + 3*d**2. Calculate s(x).
-8
Let w = -3 + 4. Suppose 0 = 4*t - w + 9. Let x(g) = -4*g + 1. Give x(t).
9
Let u(w) = -2*w + 32 - 2*w - 31. Give u(1).
-3
Let p(c) be the third derivative of -c**5/60 - 5*c**4/24 - c**3/2 - c**2. Let q = 19 + -19. Suppose q = -4*k - 11 - 5. Determine p(k).
1
Let n(m) be the second derivative of 4/3*m**3 + 0 + 5*m + 1/2*m**2. What is n(1)?
9
Let l be (11 + -14)*(-10)/6. Let j(r) = -r**3 + 5*r**2 + 3. What is j(l)?
3
Let b(i) = 3*i**2 - 1. Let z(w) = -4*w**2 + 1. Let t(d) = 6*b(d) + 5*z(d). Let f(r) = -r**3 + 2*r**2 - 2*r + 3. Let a be f(2). Calculate t(a).
-3
Suppose -3*k = 3*k - 24. Let b(i) = -i**3 + 6*i**2 - 3*i - 2. Give b(k).
18
Suppose -z - k + 0 - 7 = 0, 22 = -4*z - k. Let n(o) = o**2 + 6*o - 2. Give n(z).
-7
Let t(z) = -2*z**3 + z**2 - z. Let b be t(1). Let c be 0/(b*(-1)/(-2)). Let p(x) = -1 - x**2 + 4*x + c + 4. Calculate p(-2).
-9
Suppose -p + t = -3, 2*p = -t + 5 + 13. Suppose p - 1 = x. Let r(o) = -o**2 + 7*o + 2. What is r(x)?
8
Let x(l) = 1. Let a(v) = -v**2 + 2*v. Let n(d) = -a(d) - x(d). Give n(3).
2
Let t(v) = 2 - 1 + 0*v + v - 3*v. Give t(3).
-5
Let k be 4 + 104/(-32) + (-2)/(-8). Let j(c) = -7*c**2. Determine j(k).
-7
Let n be ((-8)/(-20))/(4/40). Suppose n*w + 12 = 4*h - 8, -5*w = 15. Let j(k) = -k. Calculate j(h).
-2
Let y(m) be the third derivative of -m**5/60 - 5*m**4/12 - 7*m**3/6 - 50*m**2. Determine y(-8).
9
Suppose 5*s + 30 - 5 = 0. Let r(v) = v**2 - v. Let i be r(2). Let l(f) = -f**i + f + 3 - 6*f + f. What is l(s)?
-2
Let t be 1/(-2)*24/(-4). Suppose n = -k, -t*k + 0*k - 5*n = 0. Suppose -9 = 3*c - k*c. Let l(r) = r - 1. What is l(c)?
-4
Suppose 12 = -6*r + 2*r. Let u(o) = o**2 + o + 1. Let x(v) = v**2 - 3*v - 1. Let z(y) = -2*u(y) + x(y). Determine z(r).
3
Let m(t) = -t - 4. Suppose -3*s + 0*j - 3*j + 24 = 0, 28 = 5*s + 2*j. Suppose 2*z - s*z - 5 = -g, 2 = 2*z. Let q = -12 + g. Calculate m(q).
1
Let k(x) = x**2 - 5*x - 6. Suppose -u = -3 - 2. Calcula